{"version":"1.0","provider_name":"Swiss Music Review","provider_url":"https:\/\/www.revuemusicale.ch\/en","author_name":"Musikzeitung-Redaktion","author_url":"https:\/\/www.revuemusicale.ch\/en\/author\/admin","title":"Perles de musiques populaires arrang\u00e9es - Revue Musicale Suisse","type":"rich","width":600,"height":338,"html":"<blockquote class=\"wp-embedded-content\" data-secret=\"yz3HZl0NMV\"><a href=\"https:\/\/www.revuemusicale.ch\/en\/critiques\/disques\/2020\/02\/favre-kato\">Pearls of folk music arranged<\/a><\/blockquote><iframe sandbox=\"allow-scripts\" security=\"restricted\" src=\"https:\/\/www.revuemusicale.ch\/en\/critiques\/disques\/2020\/02\/favre-kato\/embed#?secret=yz3HZl0NMV\" width=\"600\" height=\"338\" title=\"&#8220;Perles de musiques populaires arrang\u00e9es&#8221; &#8212; Revue Musicale Suisse\" data-secret=\"yz3HZl0NMV\" frameborder=\"0\" marginwidth=\"0\" marginheight=\"0\" scrolling=\"no\" class=\"wp-embedded-content\"><\/iframe><script>\n\/*! This file is auto-generated *\/\n!function(d,l){\"use strict\";l.querySelector&&d.addEventListener&&\"undefined\"!=typeof URL&&(d.wp=d.wp||{},d.wp.receiveEmbedMessage||(d.wp.receiveEmbedMessage=function(e){var t=e.data;if((t||t.secret||t.message||t.value)&&!\/[^a-zA-Z0-9]\/.test(t.secret)){for(var s,r,n,a=l.querySelectorAll('iframe[data-secret=\"'+t.secret+'\"]'),o=l.querySelectorAll('blockquote[data-secret=\"'+t.secret+'\"]'),c=new RegExp(\"^https?:$\",\"i\"),i=0;i<o.length;i++)o[i].style.display=\"none\";for(i=0;i<a.length;i++)s=a[i],e.source===s.contentWindow&&(s.removeAttribute(\"style\"),\"height\"===t.message?(1e3<(r=parseInt(t.value,10))?r=1e3:~~r<200&&(r=200),s.height=r):\"link\"===t.message&&(r=new URL(s.getAttribute(\"src\")),n=new URL(t.value),c.test(n.protocol))&&n.host===r.host&&l.activeElement===s&&(d.top.location.href=t.value))}},d.addEventListener(\"message\",d.wp.receiveEmbedMessage,!1),l.addEventListener(\"DOMContentLoaded\",function(){for(var e,t,s=l.querySelectorAll(\"iframe.wp-embedded-content\"),r=0;r<s.length;r++)(t=(e=s[r]).getAttribute(\"data-secret\"))||(t=Math.random().toString(36).substring(2,12),e.src+=\"#?secret=\"+t,e.setAttribute(\"data-secret\",t)),e.contentWindow.postMessage({message:\"ready\",secret:t},\"*\")},!1)))}(window,document);\n\/\/# sourceURL=https:\/\/www.revuemusicale.ch\/wp-includes\/js\/wp-embed.min.js\n<\/script>","thumbnail_url":"https:\/\/www.revuemusicale.ch\/wp-content\/uploads\/2024\/06\/Duo-Favre-Kato-klein.jpg","thumbnail_width":554,"thumbnail_height":369,"description":"Une heure d\u2019agr\u00e9able voyage en diverses contr\u00e9es avec des compositions de Britten, Adorno, Brahms, Dvo\u0159\u00e1k, Ravel, Mamiya, Szymanowski, Grieg et Bart\u00f3k, interpr\u00e9t\u00e9es avec bonheur par le t\u00e9nor Rapha\u00ebl Favre et la pianiste Satoko Kato."}

Perles de musiques populaires arrangées - Revue Musicale Suisse

<blockquote class="wp-embedded-content" data-secret="yz3HZl0NMV"><a href="https://www.revuemusicale.ch/en/critiques/disques/2020/02/favre-kato">Pearls of folk music arranged</a></blockquote><iframe sandbox="allow-scripts" security="restricted" src="https://www.revuemusicale.ch/en/critiques/disques/2020/02/favre-kato/embed#?secret=yz3HZl0NMV" width="600" height="338" title="&#8220;Perles de musiques populaires arrangées&#8221; &#8212; Revue Musicale Suisse" data-secret="yz3HZl0NMV" frameborder="0" marginwidth="0" marginheight="0" scrolling="no" class="wp-embedded-content"></iframe><script>
/*! This file is auto-generated */
!function(d,l){"use strict";l.querySelector&&d.addEventListener&&"undefined"!=typeof URL&&(d.wp=d.wp||{},d.wp.receiveEmbedMessage||(d.wp.receiveEmbedMessage=function(e){var t=e.data;if((t||t.secret||t.message||t.value)&&!/[^a-zA-Z0-9]/.test(t.secret)){for(var s,r,n,a=l.querySelectorAll('iframe[data-secret="'+t.secret+'"]'),o=l.querySelectorAll('blockquote[data-secret="'+t.secret+'"]'),c=new RegExp("^https?:$","i"),i=0;i<o.length;i++)o[i].style.display="none";for(i=0;i<a.length;i++)s=a[i],e.source===s.contentWindow&&(s.removeAttribute("style"),"height"===t.message?(1e3<(r=parseInt(t.value,10))?r=1e3:~~r<200&&(r=200),s.height=r):"link"===t.message&&(r=new URL(s.getAttribute("src")),n=new URL(t.value),c.test(n.protocol))&&n.host===r.host&&l.activeElement===s&&(d.top.location.href=t.value))}},d.addEventListener("message",d.wp.receiveEmbedMessage,!1),l.addEventListener("DOMContentLoaded",function(){for(var e,t,s=l.querySelectorAll("iframe.wp-embedded-content"),r=0;r<s.length;r++)(t=(e=s[r]).getAttribute("data-secret"))||(t=Math.random().toString(36).substring(2,12),e.src+="#?secret="+t,e.setAttribute("data-secret",t)),e.contentWindow.postMessage({message:"ready",secret:t},"*")},!1)))}(window,document);
//# sourceURL=https://www.revuemusicale.ch/wp-includes/js/wp-embed.min.js
</script>

Une heure d’agréable voyage en diverses contrées avec des compositions de Britten, Adorno, Brahms, Dvořák, Ravel, Mamiya, Szymanowski, Grieg et Bartók, interprétées avec bonheur par le ténor Raphaël Favre et la pianiste Satoko Kato.
