{"version":"1.0","provider_name":"Rassegna musicale svizzera","provider_url":"https:\/\/www.revuemusicale.ch\/it","author_name":"Musikzeitung-Redaktion","author_url":"https:\/\/www.revuemusicale.ch\/it\/author\/admin","title":"Grand Prix \u00e0 Cod.Act - Revue Musicale Suisse","type":"rich","width":600,"height":338,"html":"<blockquote class=\"wp-embedded-content\" data-secret=\"XoH4W4FAZG\"><a href=\"https:\/\/www.revuemusicale.ch\/it\/politique\/2019\/05\/grand-prix-a-cod-act\">Gran Premio a Cod.Act<\/a><\/blockquote><iframe sandbox=\"allow-scripts\" security=\"restricted\" src=\"https:\/\/www.revuemusicale.ch\/it\/politique\/2019\/05\/grand-prix-a-cod-act\/embed#?secret=XoH4W4FAZG\" width=\"600\" height=\"338\" title=\"&#8220;Grand Prix \u00e0 Cod.Act&#8221; &#8212; Revue Musicale Suisse\" data-secret=\"XoH4W4FAZG\" frameborder=\"0\" marginwidth=\"0\" marginheight=\"0\" scrolling=\"no\" class=\"wp-embedded-content\"><\/iframe><script>\n\/*! This file is auto-generated *\/\n!function(d,l){\"use strict\";l.querySelector&&d.addEventListener&&\"undefined\"!=typeof URL&&(d.wp=d.wp||{},d.wp.receiveEmbedMessage||(d.wp.receiveEmbedMessage=function(e){var t=e.data;if((t||t.secret||t.message||t.value)&&!\/[^a-zA-Z0-9]\/.test(t.secret)){for(var s,r,n,a=l.querySelectorAll('iframe[data-secret=\"'+t.secret+'\"]'),o=l.querySelectorAll('blockquote[data-secret=\"'+t.secret+'\"]'),c=new RegExp(\"^https?:$\",\"i\"),i=0;i<o.length;i++)o[i].style.display=\"none\";for(i=0;i<a.length;i++)s=a[i],e.source===s.contentWindow&&(s.removeAttribute(\"style\"),\"height\"===t.message?(1e3<(r=parseInt(t.value,10))?r=1e3:~~r<200&&(r=200),s.height=r):\"link\"===t.message&&(r=new URL(s.getAttribute(\"src\")),n=new URL(t.value),c.test(n.protocol))&&n.host===r.host&&l.activeElement===s&&(d.top.location.href=t.value))}},d.addEventListener(\"message\",d.wp.receiveEmbedMessage,!1),l.addEventListener(\"DOMContentLoaded\",function(){for(var e,t,s=l.querySelectorAll(\"iframe.wp-embedded-content\"),r=0;r<s.length;r++)(t=(e=s[r]).getAttribute(\"data-secret\"))||(t=Math.random().toString(36).substring(2,12),e.src+=\"#?secret=\"+t,e.setAttribute(\"data-secret\",t)),e.contentWindow.postMessage({message:\"ready\",secret:t},\"*\")},!1)))}(window,document);\n\/\/# sourceURL=https:\/\/www.revuemusicale.ch\/wp-includes\/js\/wp-embed.min.js\n<\/script>","thumbnail_url":"https:\/\/www.revuemusicale.ch\/wp-content\/uploads\/2023\/01\/cod.act_.jpg","thumbnail_width":554,"thumbnail_height":369,"description":"Le Grand Prix suisse de musique 2019 a \u00e9t\u00e9 attribu\u00e9 \u00e0 Cod.Act\u00a0: Andr\u00e9 et Michel D\u00e9costerd, deux fr\u00e8res qui explorent les interactions entre le son, l\u2019image et l\u2019espace et renouvellent la perception de la musique contemporaine. Quatorze musiciennes et musiciens ou ensembles ont re\u00e7u par ailleurs un Prix suisse de musique."}

Grand Prix à Cod.Act - Revue Musicale Suisse

<blockquote class="wp-embedded-content" data-secret="XoH4W4FAZG"><a href="https://www.revuemusicale.ch/it/politique/2019/05/grand-prix-a-cod-act">Gran Premio a Cod.Act</a></blockquote><iframe sandbox="allow-scripts" security="restricted" src="https://www.revuemusicale.ch/it/politique/2019/05/grand-prix-a-cod-act/embed#?secret=XoH4W4FAZG" width="600" height="338" title="&#8220;Grand Prix à Cod.Act&#8221; &#8212; Revue Musicale Suisse" data-secret="XoH4W4FAZG" frameborder="0" marginwidth="0" marginheight="0" scrolling="no" class="wp-embedded-content"></iframe><script>
/*! This file is auto-generated */
!function(d,l){"use strict";l.querySelector&&d.addEventListener&&"undefined"!=typeof URL&&(d.wp=d.wp||{},d.wp.receiveEmbedMessage||(d.wp.receiveEmbedMessage=function(e){var t=e.data;if((t||t.secret||t.message||t.value)&&!/[^a-zA-Z0-9]/.test(t.secret)){for(var s,r,n,a=l.querySelectorAll('iframe[data-secret="'+t.secret+'"]'),o=l.querySelectorAll('blockquote[data-secret="'+t.secret+'"]'),c=new RegExp("^https?:$","i"),i=0;i<o.length;i++)o[i].style.display="none";for(i=0;i<a.length;i++)s=a[i],e.source===s.contentWindow&&(s.removeAttribute("style"),"height"===t.message?(1e3<(r=parseInt(t.value,10))?r=1e3:~~r<200&&(r=200),s.height=r):"link"===t.message&&(r=new URL(s.getAttribute("src")),n=new URL(t.value),c.test(n.protocol))&&n.host===r.host&&l.activeElement===s&&(d.top.location.href=t.value))}},d.addEventListener("message",d.wp.receiveEmbedMessage,!1),l.addEventListener("DOMContentLoaded",function(){for(var e,t,s=l.querySelectorAll("iframe.wp-embedded-content"),r=0;r<s.length;r++)(t=(e=s[r]).getAttribute("data-secret"))||(t=Math.random().toString(36).substring(2,12),e.src+="#?secret="+t,e.setAttribute("data-secret",t)),e.contentWindow.postMessage({message:"ready",secret:t},"*")},!1)))}(window,document);
//# sourceURL=https://www.revuemusicale.ch/wp-includes/js/wp-embed.min.js
</script>

Le Grand Prix suisse de musique 2019 a été attribué à Cod.Act : André et Michel Décosterd, deux frères qui explorent les interactions entre le son, l’image et l’espace et renouvellent la perception de la musique contemporaine. Quatorze musiciennes et musiciens ou ensembles ont reçu par ailleurs un Prix suisse de musique.
