{"version":"1.0","provider_name":"Rassegna musicale svizzera","provider_url":"https:\/\/www.revuemusicale.ch\/it","author_name":"Musikzeitung-Redaktion","author_url":"https:\/\/www.revuemusicale.ch\/it\/author\/admin","title":"Num\u00e9ro 11\/2023 \u2013 Focus \u00abGen\u00e8ve\u00bb - Revue Musicale Suisse","type":"rich","width":600,"height":338,"html":"<blockquote class=\"wp-embedded-content\" data-secret=\"sSGkw4vSbs\"><a href=\"https:\/\/www.revuemusicale.ch\/it\/smz\/2023\/10\/numero-11-2023-focus-geneve\">Numero 11\/2023 - Focus \"Ginevra<\/a><\/blockquote><iframe sandbox=\"allow-scripts\" security=\"restricted\" src=\"https:\/\/www.revuemusicale.ch\/it\/smz\/2023\/10\/numero-11-2023-focus-geneve\/embed#?secret=sSGkw4vSbs\" width=\"600\" height=\"338\" title=\"&quot;Numero 11\/2023 - Focus &quot;Gen\u00e8ve&quot;&quot; - Rassegna musicale svizzera\" data-secret=\"sSGkw4vSbs\" frameborder=\"0\" marginwidth=\"0\" marginheight=\"0\" scrolling=\"no\" class=\"wp-embedded-content\"><\/iframe><script>\n\/*! This file is auto-generated *\/\n!function(d,l){\"use strict\";l.querySelector&&d.addEventListener&&\"undefined\"!=typeof URL&&(d.wp=d.wp||{},d.wp.receiveEmbedMessage||(d.wp.receiveEmbedMessage=function(e){var t=e.data;if((t||t.secret||t.message||t.value)&&!\/[^a-zA-Z0-9]\/.test(t.secret)){for(var s,r,n,a=l.querySelectorAll('iframe[data-secret=\"'+t.secret+'\"]'),o=l.querySelectorAll('blockquote[data-secret=\"'+t.secret+'\"]'),c=new RegExp(\"^https?:$\",\"i\"),i=0;i<o.length;i++)o[i].style.display=\"none\";for(i=0;i<a.length;i++)s=a[i],e.source===s.contentWindow&&(s.removeAttribute(\"style\"),\"height\"===t.message?(1e3<(r=parseInt(t.value,10))?r=1e3:~~r<200&&(r=200),s.height=r):\"link\"===t.message&&(r=new URL(s.getAttribute(\"src\")),n=new URL(t.value),c.test(n.protocol))&&n.host===r.host&&l.activeElement===s&&(d.top.location.href=t.value))}},d.addEventListener(\"message\",d.wp.receiveEmbedMessage,!1),l.addEventListener(\"DOMContentLoaded\",function(){for(var e,t,s=l.querySelectorAll(\"iframe.wp-embedded-content\"),r=0;r<s.length;r++)(t=(e=s[r]).getAttribute(\"data-secret\"))||(t=Math.random().toString(36).substring(2,12),e.src+=\"#?secret=\"+t,e.setAttribute(\"data-secret\",t)),e.contentWindow.postMessage({message:\"ready\",secret:t},\"*\")},!1)))}(window,document);\n\/\/# sourceURL=https:\/\/www.revuemusicale.ch\/wp-includes\/js\/wp-embed.min.js\n<\/script>","thumbnail_url":"https:\/\/www.revuemusicale.ch\/wp-content\/uploads\/2023\/10\/SMZ-11-2023_Cover.jpg","thumbnail_width":1299,"thumbnail_height":901,"description":"Table des mati\u00e8res Focus L\u2019enseignement artistique doit \u00eatre au c\u0153ur de l\u2019\u00e9ducation Entretien avec Philippe R\u00e9gana, \u00addirecteur du CPM \u00e0 Gen\u00e8ve Sur la route du Mont Blanc Le d\u00e9veloppement de la sc\u00e8ne \u00admusicale \u00e0 Gen\u00e8ve Le son des squats La sc\u00e8ne musicale genevoise est plus florissante que jamais Liens vers la Playlist Geneva Composer dans [&hellip;]"}

Numéro 11/2023 – Focus «Genève» - Revue Musicale Suisse

<blockquote class="wp-embedded-content" data-secret="sSGkw4vSbs"><a href="https://www.revuemusicale.ch/it/smz/2023/10/numero-11-2023-focus-geneve">Numero 11/2023 - Focus "Ginevra</a></blockquote><iframe sandbox="allow-scripts" security="restricted" src="https://www.revuemusicale.ch/it/smz/2023/10/numero-11-2023-focus-geneve/embed#?secret=sSGkw4vSbs" width="600" height="338" title="&quot;Numero 11/2023 - Focus &quot;Genève&quot;&quot; - Rassegna musicale svizzera" data-secret="sSGkw4vSbs" frameborder="0" marginwidth="0" marginheight="0" scrolling="no" class="wp-embedded-content"></iframe><script>
/*! This file is auto-generated */
!function(d,l){"use strict";l.querySelector&&d.addEventListener&&"undefined"!=typeof URL&&(d.wp=d.wp||{},d.wp.receiveEmbedMessage||(d.wp.receiveEmbedMessage=function(e){var t=e.data;if((t||t.secret||t.message||t.value)&&!/[^a-zA-Z0-9]/.test(t.secret)){for(var s,r,n,a=l.querySelectorAll('iframe[data-secret="'+t.secret+'"]'),o=l.querySelectorAll('blockquote[data-secret="'+t.secret+'"]'),c=new RegExp("^https?:$","i"),i=0;i<o.length;i++)o[i].style.display="none";for(i=0;i<a.length;i++)s=a[i],e.source===s.contentWindow&&(s.removeAttribute("style"),"height"===t.message?(1e3<(r=parseInt(t.value,10))?r=1e3:~~r<200&&(r=200),s.height=r):"link"===t.message&&(r=new URL(s.getAttribute("src")),n=new URL(t.value),c.test(n.protocol))&&n.host===r.host&&l.activeElement===s&&(d.top.location.href=t.value))}},d.addEventListener("message",d.wp.receiveEmbedMessage,!1),l.addEventListener("DOMContentLoaded",function(){for(var e,t,s=l.querySelectorAll("iframe.wp-embedded-content"),r=0;r<s.length;r++)(t=(e=s[r]).getAttribute("data-secret"))||(t=Math.random().toString(36).substring(2,12),e.src+="#?secret="+t,e.setAttribute("data-secret",t)),e.contentWindow.postMessage({message:"ready",secret:t},"*")},!1)))}(window,document);
//# sourceURL=https://www.revuemusicale.ch/wp-includes/js/wp-embed.min.js
</script>

Table des matières Focus L’enseignement artistique doit être au cœur de l’éducation Entretien avec Philippe Régana, ­directeur du CPM à Genève Sur la route du Mont Blanc Le développement de la scène ­musicale à Genève Le son des squats La scène musicale genevoise est plus florissante que jamais Liens vers la Playlist Geneva Composer dans [&hellip;]
